Let u be r(-6). What is v(u)?
4
Let r(j) = 3*j + 1. Let x = -6 - 0. Let c = -3 - x. Calculate r(c).
10
Let o(z) = -z**2 - 12*z - 1. Let s = 7 + -19. Let k be o(s). Let h(t) = 6*t**3 - t**2. Determine h(k).
-7
Let o(h) = -4*h**3 - 5*h**2 + 5. Let a(g) = 3*g**3 + 4*g**2 - g - 4. Let s(u) = 3*a(u) + 2*o(u). Let d = 0 + -1. Let f be (d/2)/(2/12). Give s(f).
-2
Let l(b) = 0 - b + 2*b - 3. Suppose 4*s + 0 = 8. Let j be s/5 + 6/(-15). Determine l(j).
-3
Let l(u) = -2*u - 4. Let m be l(-4). Let n(b) = b + 3*b**2 + m - 4. Let i = 4 + -5. What is n(i)?
2
Let l = 38 - 21. Let i = l + -8. Suppose -3*t + i = -6*t. Let x(z) = 2*z + 2. Determine x(t).
-4
Let x(q) = q. Let c(k) = 2*k + 2. Let z(i) = -3*c(i) + 3*x(i). Let u be ((-336)/(-126))/((-2)/(-6) - 1). What is z(u)?
6
Let u(z) = z**2 - 7*z - 13. Let s be (-8 - -26)*4/8. What is u(s)?
5
Let x = 1 - -4. Let j(r) = 3*r - 4 - 3*r + 3*r - x*r. Suppose 5*u = -2*d - 13, 4*d + u + 2*u = -19. Determine j(d).
4
Let l = -1 - -5. Let k be (-4)/(-12) - l/3. Let n be -3 + 3 + (k - 4). Let z(j) = j**3 + 4*j**2 - 6*j - 5. Calculate z(n).
0
Let t be (0 + -1 - -2)*9. Let k(d) = 8 + 4*d**2 + 12*d - 8*d + t*d + 7*d**2. Let f(m) = -7*m**2 - 9*m - 5. Let n(s) = 8*f(s) + 5*k(s). Determine n(-6).
6
Let n(q) be the second derivative of -q**3/2 - 2*q**2 + q. Let x = -19 + 15. Calculate n(x).
8
Let f(u) = -4 - 6*u - 5*u**2 + 4*u**2 - 2*u + 11*u. Calculate f(4).
-8
Let d(j) = j**2 - 1. Let y be d(-1). Let b(a) = -a**2 - a + 6. Calculate b(y).
6
Let o(b) = 2*b**2 + 1. Suppose -v + 5*v = 8. Suppose v - 3 = -s. What is o(s)?
3
Let b(r) = 13*r**2 + 21*r. Let g(k) = 3*k**2 + 5*k. Let w(a) = -2*b(a) + 9*g(a). Determine w(-4).
4
Let x(g) = -g + 0*g - g**2 - g - 6 - 5*g. Give x(-5).
4
Let w(i) be the second derivative of 3*i**2 + 0 - 2*i - 1/2*i**3. Let u(b) = -4*b + 7. Let q(f) = -4*u(f) + 5*w(f). Calculate q(-4).
-2
Let s be (2/1)/(1/(-3)). Let u be -3*((-8)/s - 2). Let z(j) = 3*j + 0*j + 2*j - 3*j - 3 - j**3. What is z(u)?
-7
Let n(i) be the first derivative of -4*i + 2 - 3*i**2 + 4*i. Calculate n(-1).
6
Let a(p) = -4*p + 7. Let m(f) = -f + 1. Let n(x) = a(x) - 3*m(x). Give n(5).
-1
Let z = -11 + 3. Let l(n) = 3*n**2 + 6*n - 4. Let k(a) = -2*a**2 - 4*a + 3. Let x(w) = z*k(w) - 5*l(w). Let r = -16 + 11. What is x(r)?
11
Let w(v) = -2*v**2 + 2*v - 1. Let y = 2 + 0. Suppose -b + 17 = 3*t, -4*b + t = -t + y. Give w(b).
-5
Let i(r) = 7*r**2 - r + 1. Let w(p) = -20*p**2 + 3*p - 2. Let q(c) = 17*i(c) + 6*w(c). Determine q(4).
-7
Let h(k) = 3*k**3 + k**2 + k + 5. Let c(v) = -2*v**3 - v - 4. Let s(w) = 4*c(w) + 3*h(w). Determine s(-4).
-13
Let n(l) = -1 - 16*l - 3 + 5. Calculate n(1).
-15
Let h(r) = -r**2 + 6*r + 2. Suppose -4*n + 9 = 3*l, 4*l + 2*n = -2*n + 12. Give h(l).
11
Let l(f) = 6*f - 36. Let b be l(6). Let a(c) = 3*c - 6 + c**3 - 4*c - 4. Give a(b).
-10
Suppose -11 = -8*o + 5*o + 2*t, -3*o - t + 8 = 0. Let h(u) = -u + 3*u - o - u - 1. Suppose z + 2 = 2*z. Calculate h(z).
-2
Let f(q) = 2*q + 2. Suppose 4 = x, -5*y - x - 3 = 2*x. Give f(y).
-4
Let x(w) = -w**3 - 2*w**2 + 4*w + 3. Let j be x(-3). Let a(t) = j*t - t + 1 - t. Calculate a(-3).
7
Let l(x) = x + 8. Let a be l(-6). Let k = a + -8. Let j be (k + 5)*(-2 - 1). Let p(n) = -4*n + 3. Determine p(j).
-9
Let r(b) = -b**3 - 2*b**2 - 3*b - 1. Let h be -1*(4 + 4/(-2)). Give r(h).
5
Let a be (-12)/54 + (-34)/9. Let l(n) = n**2 + 5*n + 1. Calculate l(a).
-3
Let f(u) be the first derivative of u**7/840 - u**6/72 + u**4/4 - u**3 + 3. Let b(d) be the third derivative of f(d). Suppose -5*t + 25 = -0*t. Give b(t).
6
Let u(d) = d**3 - d**2 - d + 5. Let t(c) = -c**3. Let s be t(0). Let a = s + 2. Suppose -4*o + 5*i + 15 = 0, a*i + 0 + 6 = 0. Determine u(o).
5
Let n be 3/(-2)*(-8)/12. Let l(o) be the first derivative of -o**6/30 + o**3/6 - 3*o**2/2 + 2. Let m(g) be the second derivative of l(g). Determine m(n).
-3
Let a be -2 + (2 - 3)*-2. Let v be 0 + (a/2)/(-3). Let y be -1 + 3 + v - 2. Let z(k) = -k**2 - 8. Calculate z(y).
-8
Let w(o) = o**2 + 7*o + 9. Let r be w(-6). Suppose -r*n + 19 = 5*i, 4*i = i + 2*n. Let u(v) = 5*v**i - 4*v + 0*v**3 + v**3 - 2*v**3 + 4. Give u(4).
4
Let t(k) = -k**2 + k - 1. Suppose 5*o + 7 - 2 = 0. Let f(p) = -p**3 + 6*p**2 - p + 1. Let i(c) = o*f(c) - 2*t(c). Calculate i(3).
-11
Let l(o) = -7*o**2 - 2. Let s = -2 - -3. Suppose 0 = -4*m - s - 7. Let i(h) = -3*h**2 - 1. Let f(a) = m*l(a) + 5*i(a). Determine f(2).
-5
Let s = 7 + 10. Suppose 2*k + 2*k + s = 5*q, 3*q - 3*k = 12. Let u(a) = 6*a**2 + 2*a - 1. Give u(q).
7
Suppose -3*i - 5*u - 4 = -u, -3*i + 20 = -2*u. Let j be (-21)/i - (-2)/8. Let v(y) = 3 + 2*y - y + y + 4. Give v(j).
-3
Suppose 3*q = -6, s - 15 = -4*q + 8*q. Let m(d) = -d**2 + 6*d + 5. What is m(s)?
-2
Let i = 4 - 2. Let w(b) = -2*b + 3*b**2 + 0*b**2 - 2*b**i - 2. Suppose 0 = m - 5*q + 18, -m - 2*q = 2*m - 14. Determine w(m).
-2
Suppose u = -7*f + 4*f + 10, f - 1 = 0. Let g(m) = -6 + m**3 + 0*m**3 - 5*m - m**2 + u + 1. Give g(3).
5
Let a = -6 - -4. Let m(t) be the second derivative of 0 + 1/2*t**3 + 3/2*t**2 + 5*t. Determine m(a).
-3
Suppose -16 = -0*r - 4*r. Suppose 2*a + r = 3*a. Let h(c) = c**2 - 6*c + 6. Calculate h(a).
-2
Let y(x) = -x**2 + 3*x + 14. Let p be y(-3). Let i(d) = -d**3 - 3*d**2 - 2*d - 3. Give i(p).
21
Let f(z) = z**3 + 7*z**2 + 4*z + 1. Let d be f(-6). Suppose -4 + d = 3*w. Let a(u) = 4*u - 4. Give a(w).
8
Let a(t) = -1. Let u(o) = o - 7. Let z(k) = -3*a(k) + u(k). Calculate z(7).
3
Let o(j) = j**2 - 3*j - 8. Let q be (-380)/(-65) - (-6)/39. What is o(q)?
10
Let k be (4 - 10)/3 + 4. Let c(p) = -2*p**2 + 3*p - 2. Determine c(k).
-4
Let o(l) be the first derivative of -l**3/3 - 3*l**2/2 - 2*l - 11. What is o(-2)?
0
Let t(c) = c - 1. Let x(w) = -10*w**3 + 3*w - 1. Let j(u) = -2*t(u) + x(u). Determine j(-1).
10
Let h be (-2 - (-21)/9)*6. Let b(f) = 4*f - f**2 + 4 + h*f - 5*f. Give b(4).
-8
Let k(f) = f**2 + f - 3. Let u be k(0). Let c = -4 - u. Let z(a) = -a**2 + 0*a**2 + 1 - 5*a**2 + a + 5*a**2 - 10*a**3. What is z(c)?
9
Let i(n) = 6*n**2 - 9*n + 6. Let a(g) = 5*g**2 - 8*g + 6. Let s(k) = 5*a(k) - 4*i(k). Determine s(4).
6
Let h = -8 - -7. Let t be h/(3 + 64/(-20)). Let m(q) = q**3 - 5*q**2 + 6. Give m(t).
6
Let h(k) = 14*k**3 - 26 - 5*k - 10*k**2 - 5*k**2 - 4*k - 2*k. Let f(t) = -4*t - 5*t**2 + 4*t**3 - 3*t**3 + 4*t**3 - 9. Let x(d) = -11*f(d) + 4*h(d). Give x(5).
-5
Suppose -3*s + 0*s = -12. Suppose 4*i - b - 4 = -20, -i = -s*b + 4. Let r(t) = -t**2 - 7*t - 6. Calculate r(i).
6
Let s(u) be the second derivative of u**4/6 + 2*u**3/3 + 3*u. Give s(-3).
6
Let g(t) = -t - 6. Let b be g(-10). Suppose 5*d - 35 = b*h - 3, 3*h + 9 = 0. Suppose 2*v + 3*s - 7 = v, -d*s = -12. Let n(m) = m**3 - 2*m. Give n(v).
-4
Let d be (3 - 4)/(2/6). Suppose -4*s + 6 = -s. Let z(f) = -1 + f**3 - 3*f + f**2 + f - 2 + f**s. Calculate z(d).
-6
Let s(i) be the second derivative of 0 + 2*i + 1/2*i**2 - 1/20*i**5 - 1/6*i**3 - 1/12*i**4. Determine s(0).
1
Let x(t) = -3*t**3 + 3*t**2 + 4*t - 2. Let q(r) = r**3 + 1. Let m(w) = -4*q(w) - x(w). Give m(-2).
2
Let a(i) be the second derivative of 0 - 2*i + 1/4*i**4 - 1/20*i**5 - 1/3*i**3 + i**2. What is a(2)?
2
Let r(z) = -z**2 - 6*z - 2. Let w be r(-4). Suppose 0 = 2*h - w*h. Let c = 4 + h. Let g(u) = u**3 - 5*u**2 + 4*u - 5. Calculate g(c).
-5
Suppose x - 6*x = 8*x. Let a(u) = -u**3 + 7. Give a(x).
7
Let j(i) = i. Suppose 2*t = -3*v + 6, 0 = -5*t + v + 2*v - 6. Give j(t).
0
Let f(a) be the second derivative of 0*a**2 + a**3 - 1/20*a**5 + 0 + 3*a - 1/3*a**4. Let u be f(-5). Let d(c) = -2*c - 3. Determine d(u).
7
Let d(n) be the second derivative of -4*n**3/3 - n**2/2 + 27*n. Calculate d(2).
-17
Let j(c) = -2*c**2 - 3*c - 3. Let a = 9 + -11. Calculate j(a).
-5
Let j(q) = q**3 + 5*q**2 + 4*q + 7. Suppose 0 = -0*a + 4*a. Let k be 1/3*(-15 + a). Calculate j(k).
-13
Let f(k) be the second derivative of -k**4/12 + 7*k**3/6 - 2*k**2 + k. Suppose -3*n + 2*y = -35, -2*y = -2*n - 0*n + 26. Let t = -4 + n. Determine f(t).
6
Let v(y) = y**3 - 3*y**2 + 2*y - 1. Let w = 11 + -9. Let i(b) = -3 + 3*b**3 - 8*b**2 - 2*b**w + 6*b + 0 + 0*b. Let l(u) = 2*i(u) - 7*v(u). Calculate l(1).
-1
Let r(n) = -5*n - n + 3*n + 4*n + 9. What is r(0)?
9
Let a(y) = -y**3 - 3*y**2 + 6*y + 8. Let i be a(-4). Let o(k) = -k + 12. Give o(i).
12
Suppose 6 = 3*